 3715 (base 16) in base 6?
145141
Convert -97 (base 10) to base 14.
-6d
Convert 231024 (base 6) to base 7.
111232
-7ab (base 13) to base 15
-5d4
60760 (base 9) to base 12
1b183
6436 (base 12) to base 8
25352
Convert 2314 (base 5) to base 4.
11032
1254 (base 6) to base 9
387
What is -531 (base 11) in base 13?
-3a2
What is 459b (base 15) in base 6?
152215
Convert -22055 (base 9) to base 7.
-60440
4563 (base 11) to base 13
2965
What is 1a6 (base 16) in base 7?
1142
10127 (base 8) to base 13
1b9a
What is -4771 (base 11) in base 5?
-144444
-b78 (base 16) to base 6
-21332
What is 2f85 (base 16) in base 9?
17616
What is 1822 (base 11) in base 9?
3161
ee (base 16) to base 6
1034
559 (base 16) to base 11
1035
-7a3 (base 12) to base 2
-10001101011
What is -1086 (base 13) in base 15?
-a3c
What is d7aa (base 15) in base 9?
68507
What is -17275 (base 10) in base 9?
-25624
What is -523 (base 13) in base 16?
-36a
-2001112000 (base 3) to base 15
-bed3
20510 (base 9) to base 15
4026
8151 (base 11) to base 7
43363
61 (base 15) to base 10
91
1122122 (base 5) to base 6
233531
Convert -8757 (base 13) to base 12.
-aa93
What is -1365 (base 8) in base 13?
-463
What is -10c6 (base 14) in base 10?
-2918
What is 186 (base 16) in base 8?
606
Convert -1232 (base 5) to base 14.
-da
Convert -12a (base 15) to base 8.
-411
What is -4be3 (base 16) in base 6?
-225535
Convert -202 (base 10) to base 3.
-21111
What is 1111202210 (base 3) in base 10?
29721
-10000011100 (base 2) to base 9
-1388
-26266 (base 9) to base 16
-4536
What is -5b06 (base 14) in base 5?
-1002012
Convert -35204 (base 8) to base 3.
-202112211
4075 (base 12) to base 4
1231121
8766 (base 9) to base 15
1da9
What is 5846 (base 9) in base 15?
1440
Convert -1213230 (base 4) to base 2.
-1100111101100
-194 (base 15) to base 16
-16c
-20430 (base 6) to base 14
-100a
-b77 (base 15) to base 2
-101000011011
What is -36 (base 10) in base 7?
-51
Convert 20101 (base 5) to base 2.
10011111100
Convert -411 (base 6) to base 4.
-2113
What is 1222212 (base 3) in base 14?
75c
What is 222001002 (base 3) in base 8?
45047
Convert -150254 (base 7) to base 6.
-342005
Convert 11222001 (base 3) to base 13.
1855
Convert 202020 (base 4) to base 15.
9a9
What is 3c1 (base 16) in base 13?
58c
What is 1001110100100 (base 2) in base 14?
1b92
-33553 (base 6) to base 14
-1a33
83603 (base 9) to base 7
316554
What is 11361 (base 7) in base 12?
1846
Convert -88d5 (base 15) to base 10.
-29000
16535 (base 7) to base 9
6435
What is -2105 (base 6) in base 5?
-3343
What is 101122002 (base 3) in base 2?
1111001000111
Convert 9551 (base 12) to base 13.
7585
Convert -1925 (base 13) to base 2.
-111010100101
Convert 59dd (base 15) to base 6.
224244
What is 321011 (base 6) in base 9?
38767
What is -1302 (base 6) in base 11?
-277
Convert 8c99 (base 13) to base 8.
46422
-11022 (base 4) to base 2
-101001010
-3466 (base 7) to base 16
-4f9
31624 (base 7) to base 3
101210001
Convert 31454 (base 10) to base 8.
75336
Convert -3544 (base 10) to base 8.
-6730
Convert 382a (base 15) to base 9.
17364
Convert 1022 (base 4) to base 8.
112
What is -22141 (base 13) in base 7?
-344665
Convert 13050 (base 6) to base 5.
30344
Convert 121331 (base 4) to base 8.
3175
What is 52506 (base 8) in base 14?
7d54
Convert 10db (base 15) to base 7.
13304
-4122 (base 8) to base 9
-2826
1001000000011110 (base 2) to base 16
901e
What is 7358 (base 11) in base 14?
379d
-105488 (base 9) to base 10
-63098
What is 3153 (base 11) in base 3?
12201112
17533 (base 8) to base 5
224102
What is -10133 (base 4) in base 15?
-142
1a7 (base 13) to base 8
462
What is -21120 (base 5) in base 10?
-1410
-15102 (base 7) to base 3
-12201100
What is 3 (base 7) in base 14?
3
Convert b3 (base 14) to base 7.
313
Convert 5e (base 15) to base 8.
131
2b (base 13) to base 15
27
Convert 813 (base 9) to base 2.
1010010100
1105 (base 6) to base 10
257
Convert -24c11 (base 13) to base 5.
-4133302
What is -11200 (base 7) in base 9?
-3807
Convert 13072 (base 8) to base 4.
1120322
-941 (base 12) to base 7
-3631
What is 40335 (base 6) in base 10?
5315
What is -b4e (base 15) in base 7?
-10301
2013311 (base 4) to base 16
21f5
-12ab (base 13) to base 7
-10542
What is -6354 (base 16) in base 12?
-12870
-10011010100 (base 2) to base 14
-644
5451 (base 16) to base 12
105a9
11110100000 (base 2) to base 15
8a2
What is 55303 (base 7) in base 13?
640c
What is 215 (base 6) in base 12?
6b
Convert 8a3 (base 14) to base 15.
791
c77 (base 15) to base 5
42222
What is -11100010 (base 2) in base 11?
-196
Convert 6783 (base 11) to base 6.
105152
-301033 (base 4) to base 16
-c4f
What is -1120030 (base 4) in base 2?
-1011000001100
Convert -23473 (base 10) to base 4.
-11232301
Convert 12804 (base 9) to base 7.
34165
-211214 (base 5) to base 4
-1232103
e6 (base 15) to base 16
d8
-11101000101 (base 2) to base 13
-b02
Convert 18802 (base 15) to base 13.
2a1ca
What is 227 (base 9) in base 14?
d5
What is 1334 (base 6) in base 3?
110211
101111111010 (base 2) to base 8
5772
Convert 44c (base 14) to base 8.
1524
Convert -1468 (base 11) to base 14.
-98d
What is 2211 (base 13) in base 7?
16560
Convert -20a0 (base 11) to base 12.
-1730
Convert 6535 (base 8) to base 12.
1b91
11232 (base 4) to base 8
556
What is -442 (base 7) in base 10?
-226
2021120 (base 3) to base 2
11001111110
Convert -1000010020 (base 3) to base 6.
-231310
What is 1120112 (base 3) in base 6?
5152
Convert -2325 (base 10) to base 9.
-3163
Convert -582 (base 10) to base 8.
-1106
Convert -1dd (base 16) to base 3.
-122200
Convert -1e1 (base 16) to base 6.
-2121
112130 (base 4) to base 7
4121
What is 100122 (base 5) in base 16?
c5a
What is 24051 (base 7) in base 9?
8460
3e93 (base 16) to base 13
73a3
10432 (base 5) to base 7
2110
What is -11473 (base 10) in base 5?
-331343
What is 1809 (base 11) in base 5?
33213
2792 (base 11) to base 6
24414
3169 (base 14) to base 10
8521
Convert 20301 (base 8) to base 16.
20c1
What is 10111000000 (base 2) in base 8?
2700
2411 (base 5) to base 15
18b
What is 10100101000 (base 2) in base 16?
528
Convert 100701 (base 9) to base 6.
1140001
-7f0 (base 16) to base 2
-11111110000
What is -417 (base 10) in base 2?
-110100001
Convert -600 (base 14) to base 5.
-14201
20122 (base 8) to base 11
6242
Convert 111111100 (base 2) to base 6.
2204
32001 (base 4) to base 9
1206
-7178 (base 13) to base 8
-36437
What is -24434 (base 5) in base 3?
-2120020
What is 71a1 (base 12) in base 14?
470d
What is 452233 (base 6) in base 13?
14466
What is 2348 (base 12) in base 14?
161a
Convert 41171 (base 8) to base 3.
212100021
Convert 118a (base 14) to base 12.
1932
Convert -2441 (base 5) to base 7.
-1040
135a (base 11) to base 10
1759
What is -2288 (base 11) in base 14?
-1144
What is -4043440 (base 5) in base 6?
-1223115
110010001100111 (base 2) to base 4
12101213
What is -21022121 (base 3) in base 4?
-1103113
Convert 12112 (base 4) to base 10.
406
What is 2a8 (base 15) in base 10?
608
What is 4187 (base 13) in base 6?
105552
Convert -12241 (base 9) to base 3.
-102021101
Convert 58b (base 13) to base 10.
960
What is -73817 (base 10) in base 2?
-10010000001011001
Convert 72453 (base 10) to base 6.
1315233
-4031 (base 5) to base 3
-201010
-53ab (base 16) to base 13
-9998
131031 (base 6) to base 11
8a38
What is 192 (base 12) in base 9?
312
Convert -12223020 (base 4) to base 9.
-41443
Convert -252 (base 11) to base 6.
-1215
What is -2310 (base 5) in base 3?
-110020
What is 1134 (base 8) in base 11?
4aa
Convert 17c (base 14) to base 15.
156
What is 20011 (base 5) in base 10?
1256
What is 1851 (base 9) in base 12?
9a7
Convert -1100111 (base 2) to base 7.
-205
Convert 4482 (base 16) to base 14.
656a
What is 10110001000001 (base 2) in base 10?
11329
Convert -16746 (base 14) to base 2.
-1101101111111010
Convert 212202011 (base 3) to base 14.
6447
Convert 101211210 (base 3) to base 15.
2520
Convert -2730 (base 9) to base 3.
-2211000
-4262 (base 8) to base 5
-32401
-1012334 (base 5) to base 7
-66244
Convert 53e1 (base 16) to base 15.
6568
Convert 5335 (base 15) to base 7.
102212
What is ac5 (base 14) in base 16?
855
-10000010111 (base 2) to base 5
-13142
What is 326c (base 13) in base 12?
408b
What is -1323 (base 6) in base 12?
-243
1b7 (base 15) to base 2
110001101
867 (base 9) to base 2
10110001